-1). Suppose 4*g - n - 8 = 0. Let t(y) = y**2 + 5*y - 10. Let l(a) = -a**2 - 4*a + 9. Let i(j) = g*l(j) + 6*t(j). Calculate i(-2).
-5
Suppose -4*h + 8 = -0. Let p(v) = 3*v**2 - 4*v + 3. Determine p(h).
7
Let c = -42 - -43. Let f(r) = 3*r**2 + r. Calculate f(c).
4
Let f(c) = 2*c**3 + 4*c**2 - 4. Let b(x) = x**3 + 2*x**2 - 2. Let r(z) = 11*b(z) - 6*f(z). What is r(-2)?
2
Let a(v) be the third derivative of -v**4/24 - 7*v**2. Let o be 2 + (-4)/1 - -7. What is a(o)?
-5
Let x(d) = 4*d**3 - 2*d - 1. Let q(f) = -9*f**3 + 5*f + 3. Let h(c) = 2*q(c) + 5*x(c). Let i(o) be the first derivative of h(o). Give i(-1).
6
Let c(m) = 4*m + 4. Let v(n) = -8*n - 7. Let y(u) = 5*c(u) + 3*v(u). Let p(j) = j**3 + 8*j**2 + j + 6. Let f be p(-8). What is y(f)?
7
Let y(s) = 3*s**2 + s - 1. Let l be y(1). Let u(o) = 9 - 3 + l*o**2 + 2*o - 6. Calculate u(-2).
8
Let h(d) = -d. Let u be h(-1). Let s(o) = -u + 5 - 3 - 4*o**2. Let g(v) = v**2 - 4*v + 3. Let r be g(2). Determine s(r).
-3
Let b(r) = r**3 - 12*r**2 + 2*r - 18. Suppose 4*g + 0*g - 48 = 0. Let t be b(g). Let s(y) = y - 8. Calculate s(t).
-2
Let q(i) = -28*i - 22*i + 46*i + 6. What is q(4)?
-10
Let j(t) be the first derivative of 1/3*t**3 - 10*t - 3*t**2 + 4. Calculate j(8).
6
Suppose -o + 0*o = 0. Let r(d) = 15*d**3 - 9*d**3 - 5*d**3 - 1. Determine r(o).
-1
Let g(q) = q**2 + 4*q. Let p be g(-4). Let f(h) be the second derivative of -1/6*h**3 + 0 + 2*h + p*h**2. What is f(3)?
-3
Suppose -4*j = j - 20. Let t(z) be the third derivative of z**6/120 - z**5/15 + z**4/8 - 5*z**3/6 + z**2. Give t(j).
7
Let k(v) be the second derivative of -v**4/12 - v**3 - 3*v**2 + 17*v. Let p(n) = n**2 + 7*n + 4. Let b be p(-5). What is k(b)?
-6
Suppose 2 = -3*a - 7. Let p(b) = -3*b - 4. Let v be p(a). Let f(t) be the first derivative of -t**2/2 + 3*t + 1. What is f(v)?
-2
Suppose 4*b - 3*y - 9 = 0, -12 = 3*b + y + 3*y. Suppose 4*l = -0*p + 3*p + 40, 3*p = b. Let s(j) = 2*j + j**2 + l*j - 7*j. Give s(-5).
0
Let x(b) = 4*b - 10. Let z be ((-212)/(-28) + -7)*(9 - 2). What is x(z)?
6
Let d(o) = o**2 - 5*o - 7. Suppose -2*k + z + 0*z = 1, -4*z + 4 = 2*k. Suppose k*y + 45 = 5*n + 5*y, 3*n - 21 = -y. Determine d(n).
-1
Let y(k) = k**3 - 3*k**2 + 2*k + 3. Let i be -1 + (1 - (-7 - -4)). Calculate y(i).
9
Let d(b) = b. Let v(y) be the first derivative of 2*y**2 - 1. Suppose -2*w + 3*l - 24 = 0, -44 = 4*w - 7*l + 3*l. Let h(j) = w*d(j) + 2*v(j). Give h(5).
-5
Let h(g) = -g**3 + 3*g**2 + 3*g - 1. Let w(y) = 4*y - 2*y - y**2 + 5 - y. Let o be w(0). Let d = 9 - o. Calculate h(d).
-5
Let t(w) = -w + 6. Suppose -4*r + 24 - 4 = 0. Let s be t(r). Let q(n) = 6 - 5 + n + s. What is q(-2)?
0
Suppose 0 = 3*k + 1 - 4. Let h(g) = -10*g**3 - 2*g**2 + g. What is h(k)?
-11
Let z(u) = -4*u**2 - u**2 + 6*u**2 + 2*u - 4. Calculate z(-3).
-1
Let c(r) = r + 3. Let x = 17 + -12. Let l be (-2)/x + (-22)/(-55). Calculate c(l).
3
Let m(a) be the second derivative of a**4/12 - a**3/2 - a**2/2 - 11*a. Calculate m(4).
3
Let q(v) = -2*v + 1. Let f be q(5). Let i be 33/f - (-8)/12. Let o(r) = -r**3 - 2*r**2 + r. Calculate o(i).
6
Let n(r) = r**3 - 3*r**2 + 1. Let k be n(3). Let i = 4 - k. Let h(w) = w**2 - 2*w + 2. What is h(i)?
5
Let c(d) = 6*d**3 - 7*d + 5*d + 3*d**2 + 1 - 3. Let r(n) = 5*n**2 - 3*n**2 - n**2 + n**3 - 1. Let a(i) = -c(i) + 3*r(i). What is a(1)?
-2
Let f(k) be the third derivative of k**5/60 - k**4/12 + k**3/2 + 6*k**2. Determine f(3).
6
Let k(f) = f**2 - 10*f - 3. Let s be k(9). Let z = -7 - s. Let y(h) be the third derivative of -h**4/24 + 2*h**3/3 - 2*h**2. Calculate y(z).
-1
Suppose 0 = -3*w - 0*w - f + 4, -4*w - 2*f + 8 = 0. Let n(x) = w*x + x + 2*x + 1 + x**2. Determine n(-2).
-1
Let k = -40 + 45. Let p(o) = o**3 - 5*o**2 + o - 6. What is p(k)?
-1
Suppose -h + 5*h = 280. Let i be h/(-50) - (-3)/(-5). Let b(z) = -z**3 - z**2 - 2. Give b(i).
2
Suppose z - n = 3*z - 6, -4*z - n = -12. Let v(o) = 8*o + 2. What is v(z)?
26
Let l(j) = -6*j**3 - j**2. Let q be ((-12)/14)/(1/(-7)). Suppose -q*b + 7*b = 1. Determine l(b).
-7
Let f(n) = n**2 - 5*n + 6. Let d be f(5). Let z be 2/(-4) - (-45)/d. Let u(s) = 2*s - s + z + 2*s - s. Give u(-5).
-3
Let v be (1/2)/((-1)/(-2)). Let a(s) be the third derivative of -s**6/40 + s**5/60 - s**4/24 + 49*s**2. Determine a(v).
-3
Let u(j) = -j**2 - 3*j + 1. Let b be u(-3). Let q = 1 - b. Let g(i) = 7*i + 1. Let o(n) = n. Let z(x) = g(x) - 6*o(x). Give z(q).
1
Let l(o) = o**3 - 5*o**2 - 7*o + 5. Suppose -18 = -52*d + 49*d. Calculate l(d).
-1
Let b(t) = -3*t**3 + 2*t**2 + t - 4. Let l(u) = 4*u**3 - 3*u**2 - u + 5. Suppose 4*r = 4*q - 28, 0 = 5*q - 4 - 21. Let s(d) = r*l(d) - 3*b(d). What is s(-2)?
-4
Let a(m) = -10*m - m**2 + 22*m - 11*m + 1. Let y(s) = s**2 - 5*s + 1. Let b(j) = 2*a(j) + y(j). What is b(-3)?
3
Let j = -25 - -31. Let f(t) = 0 + t - t**3 - 4*t**2 + 10*t**2 + 1. Determine f(j).
7
Let q be (3/(-2))/(7/(-14)). Suppose p - 4 = -q*p. Let r(t) = 0*t - p - t**2 - 2*t + 0*t. Give r(-3).
-4
Let n(u) be the second derivative of 1/6*u**3 + 0*u**4 + 0 + 4*u + 1/2*u**5 + 1/2*u**2. Suppose -4*d - 2 = 2*b, -3*d = -3*b - 2*b + 8. Calculate n(d).
-10
Let n(j) = 2*j**2 - 3*j. Let z(i) = i**3 + i**2 + 1. Let w(h) = -n(h) + 4*z(h). Let d(m) = 7*m**3 + 4*m**2 + 5*m + 8. Let p(g) = 3*d(g) - 5*w(g). What is p(-3)?
-5
Let y(r) = -r**2 + 2*r + 4. Let p be 1*-6 - (3 - 3). Let u = 10 + p. What is y(u)?
-4
Let t(y) = y**3 + 5*y**2 - 5. Suppose -2*v + l = -l + 8, -4*l - 29 = 5*v. Determine t(v).
-5
Let n(j) = -3*j - 7. Let i(x) = x + 12. Let f be i(-11). Let q be 1/(2/((-10)/f)). Give n(q).
8
Suppose 1 + 1 = v, 8 = -4*g + 2*v. Let o(s) = 2 + 4 + 5*s - 5. Calculate o(g).
-4
Let g(z) be the second derivative of 3*z - 1/2*z**2 + 1/20*z**5 - 1/3*z**4 + 0 + 0*z**3. What is g(4)?
-1
Let j be ((-6)/4)/(1/2). Let s(y) be the first derivative of y**2/2 - 4*y + 9. Determine s(j).
-7
Let d(c) be the first derivative of c**2/2 + 4*c - 45. What is d(-6)?
-2
Suppose y + 16 = -3*b - y, -5*y + 6 = -4*b. Let c(j) = -j**2 - 5*j - 1. Calculate c(b).
3
Let q be (1 - -11)*5*5/50. Let i(v) = -v**3 + 5*v**2 + 4*v + 2. Determine i(q).
-10
Let o(v) be the first derivative of -v**2/2 - 9*v - 1. Let y(x) = 3*x + 27. Let f(t) = 11*o(t) + 4*y(t). What is f(0)?
9
Let b(h) be the second derivative of -5*h**3/6 + 5*h**2/2 - 15*h - 1. Determine b(4).
-15
Suppose 2*g = -h + 6, 2*g - 16 + 0 = 4*h. Suppose t + g = -t. Let u(w) = w**3 + 4*w**2 + 4*w + 3. What is u(t)?
3
Let s(x) = 6*x**3 - 5*x**3 - 3*x**2 + 0 - x**2 + 1 + 3*x. Let t be 5/(-1)*4/(-5). Determine s(t).
13
Suppose f = -3*y - 2 - 0, -22 = 5*y - 3*f. Let x = 5 + y. Let m(h) be the third derivative of -h**4/24 + h**3/6 - 2*h**2. Determine m(x).
-2
Let w(r) = -7*r**2 - 2*r - 9. Let p(k) = -20*k**2 - 7*k - 27. Let x(d) = 6*p(d) - 17*w(d). Give x(-6).
3
Suppose 5*v + v = -30. Let z(m) = -m**3 - 5*m**2 - 2*m + 8. Let k(u) = -u**3 - 5*u**2 - 2*u + 9. Let s(r) = v*k(r) + 6*z(r). Calculate s(-3).
-9
Let k(y) be the first derivative of y**3/3 + y**2/2 + 2*y - 1. Let m be (-7 + 248/40)/((-4)/(-10)). Give k(m).
4
Let t(j) = j**3 - j - 19 + 23 - 11. Give t(0).
-7
Let x = -15 + 11. Let z(j) = j**2 + 4*j - 2. What is z(x)?
-2
Let h(t) = -2*t**3 + 8*t**2 + 6*t. Let z(k) = -k**3 + k**2 + k + 1. Let x(a) = -h(a) + 3*z(a). What is x(-4)?
-1
Let a(v) be the second derivative of -v**5/20 - v**4/2 - v**2 - 9*v. Let b be a(-6). Let g(j) = -j**3. Calculate g(b).
8
Let y(c) be the third derivative of c**5/30 + c**4/12 - 11*c**2. Give y(2).
12
Let b(x) be the second derivative of -9*x**5/20 + x**4/12 + x**3/6 - x**2/2 + 17*x. What is b(1)?
-8
Let g(x) = x**2 + 12*x + 44. Let c be g(-6). Let r(q) = q - 6. Determine r(c).
2
Let p be 1*-32*1/(-2). Suppose -2*h + 4 = p. Let u(n) = -2*n - 8. Calculate u(h).
4
Let c(h) be the first derivative of h**4/2 - 2*h**3/3 - 2*h + 7. Calculate c(2).
6
Let u(x) = 5*x - 5. Let t(f) be the third derivative of f**4/24 - f**3/6 + 3*f**2. Let z(s) = -9*t(s) + 2*u(s). Give z(-3).
-4
Let q(v) = v**2 - 2*v - 1. Let u = -2 - -7. What is q(u)?
14
Let z(l) = l**3 - 11*l**2 + l - 12. Let p be z(11). Let t(c) = -8*c - 1. What is t(p)?
7
Let y(u) = u + 19*u**3 + u**2 - 3*u**2 - 2 - 26*u**3 + 8*u**3. Give y(2).
0
Suppose 0 = 7*s - 2*s - 30. Let y(v) = -v**2 + 5*v + 3. Give y(s).
-3
Let l(z) = -3*z**3 - z**2 - 4*z. Let k(